 40)) + (-3 - 6 - -7)?
-47
Calculate -41 + -30 + 59 + 16.
4
0 + 0 + (-15 - 3 - (-81 - -50)) - 158
-145
Evaluate (-1 + (-10 - (-2 + -3)) - -4) + (-1094 - -1113).
17
Evaluate -23 + -18 + 44 - 23.
-20
Calculate (2 - -6 - (-2 - (31 + 13))) + -17 + 24.
61
What is the value of -8 - (-11 - -53) - (7 - 4 - -6)?
-59
What is the value of -13 + (32 - -88) + -68?
39
Evaluate (-86 - 3 - -93) + -58.
-54
Calculate 2 + 1 + 0 - (8 - (53 - (-41 + 71))).
18
-13 + 1 - (-9 - (5 + 13 + -4))
11
Calculate -23 + -12 + -158 + 148 + 2 + 9.
-34
What is 133 + 68 + -161 + (17 - 4)?
53
What is 47 - (69 + -40) - -50?
68
Calculate -4 - ((-1 - (-1 - -7)) + 6 - (22 + -14)).
5
Calculate (50 - 24 - 53) + 3 + -7 + 1.
-30
What is the value of 36 - (-9 + 0) - 35?
10
155 - (115 + -242 - -220)
62
Evaluate 1 + -8 + 7 + (-246 - -238) + (2 - 3).
-9
Evaluate 18 + -11 - 5 - (21 - (7 - 2)).
-14
What is the value of (44 - 43 - -17) + 10?
28
-8 - (3 + (-18 - 5)) - -14
26
What is the value of -8 + 32 + -32 + (0 - 1) + 1?
-8
What is -11 + (3 - -28) + (-69 - -60) - (0 - 1)?
12
Evaluate 14 + (-21 + 20 + 14 - -20).
47
Evaluate (-61 - (-16 + -51)) + 3 + 0 + 36 + 2.
47
What is the value of -25 + (15 - (18 + 17 + -13))?
-32
Evaluate 89 - 18 - (0 + -12 + 10 + 2).
71
Evaluate (-4 - (17 + -3)) + 4440 + -4353.
69
(60 - 84) + 28 + -1
3
43 - (-1 - -6) - ((1 - 0) + 152 + -142)
27
Calculate (-2 - ((7 + -9 + -2 - -59) + -3)) + 9.
-45
Calculate (421 - 552) + 2 + 67.
-62
Calculate 1459 - 1503 - (-1 - (-1 + (0 - 3))).
-47
What is the value of 12 - (5 - 2 - 3) - (117 - (0 - -26))?
-79
2 + 0 + -15 + 15 + 7 - -2
11
(3 + -124 - (6 + 67 + -88)) + -6
-112
56 - ((25 - 24 - -23) + -11)
43
What is the value of -122 + 89 + 26 + 2 + (3 - -92)?
90
Calculate 67 + 6 + -31 + -3 + -10 - -22.
51
What is the value of 10 + -2 + -3 - (-481 - -492)?
-6
Evaluate 57 - ((25 - 9) + -38 + 37).
42
Calculate -120 - (-71 - 50 - -111).
-110
-56 - (17 - 76 - 46)
49
What is 12 + (-11 - (-28 + (14 - -24) - (21 + 0)))?
12
Evaluate -91 + 229 + -95 - 3.
40
(-9 - 6) + (13 - -4) - (-7 + 0 + 6)
3
Calculate -88 + (-8 - -245 - 80).
69
What is the value of (45 - (-48 + 198)) + 55?
-50
Evaluate (5 - -13) + (-113 - -4) - -25.
-66
Calculate -11 - (-4 + (13 + -24 - -1) - -47).
-44
What is the value of (-7 - -12 - -5) + (-50 - (-3 + -1 - -11))?
-47
What is (12 - -13) + -14 - (-30 - (20 + 9 + -18))?
52
Calculate 31 + -4 + 6 + (1 - -5 - 5 - 0).
34
What is the value of 21 - ((16 - 1) + 33)?
-27
What is the value of 161 + -60 + -41 + -69 + (0 - (-2 - -23))?
-30
What is (-7 - -70 - -4) + (-212 - -161)?
16
(10 - 31) + 205 + -239
-55
Calculate 2 + -1 + 0 + (-31 - -41) - (-10 - -28).
-7
Evaluate 34 + (95 - (-21 + 79)).
71
(0 - 17 - 0) + 6 + 4 + -14
-21
Evaluate -2 - -2 - ((-17 - -7) + (60 - 46)).
-4
Evaluate (165 - 203) + 2 + (1 - -46).
11
What is the value of 21 + -19 + (-19 - -29) + -8?
4
Calculate (-48 - (46 + (-35 - -16))) + 1 + 17.
-57
Calculate 11 - (1 - (-59 + 46) - (2 - (55 - 0))).
-56
-20 + (48 - 43) + (2 - 25)
-38
What is the value of 13 + 5 - ((-20 - (-2 - 6) - -5) + 4)?
21
Evaluate 47 - (50 + -87 + 45).
39
Calculate 390 + -410 - (-34 + -5 + 10).
9
Evaluate -15 + (0 + -10 - (-13 + -2 - (10 - 6))).
-6
Evaluate -154 + 52 + 50 - -49.
-3
Calculate 117 + -171 + 39 + -28.
-43
Evaluate (40 - -30) + (103 - 137).
36
Evaluate 40 + -105 - ((2 - 1 - -6) + (64 - 64)).
-72
What is the value of 617 + -605 - (11 + 0)?
1
What is (-75 - -154) + 9 + (-1 - -1) - 12?
76
What is the value of 41 - (61 - (-106 + 111))?
-15
What is the value of -4 - -15 - (-23 - ((-8 - -40) + -22))?
44
669 + -643 + -3 + -69
-46
Evaluate 31 + (0 - 3) - (-345 - -349).
24
(330 - 316) + (-1 - 18) - -7
2
Evaluate -26 + -41 + 14 + 35 + 76 + 1.
59
What is (-7 + -8 - (27 - 49)) + -2 + 57 + -1?
61
What is the value of -127 + 14 + 96 + (0 - (-1 + -16))?
0
What is the value of -13 + -3 - ((-177 - -158) + -2 + 13)?
-8
Calculate (-22 - -13) + (-76 - -71 - (19 + 0 - -1)).
-34
What is the value of -9 + (-1 - -2) + (-7 - -19) - -36?
40
Evaluate 4625 + -4640 - (0 - -2 - (1 - 1)).
-17
What is (-90 - -5) + -12 + 57?
-40
-28 + 27 + -18 + 35 + (2 - 7)
11
What is the value of (3 - 3) + (-25 - (-35 - -22))?
-12
What is the value of 35 + 112 + -188 + 74?
33
What is the value of (-34 - (-59 + 24)) + 64?
65
What is 1022 - 1034 - ((-10 - -9) + (1 - -37))?
-49
40 - (135 + -95 + -30)
30
What is (-17 + -2 - (64 - 68)) + (-74 - -160)?
71
What is the value of (-36 - 52) + 67 - (-24 + -1)?
4
What is the value of -54 - (-18 + 11 - -7)?
-54
Calculate (31 - 34 - (-6 - -1)) + -8 + (2 - 18).
-22
-50 + 9 + (-65 - (12 - 8))
-110
What is the value of (36 - (15 - 0)) + 60?
81
What is (14 - 27) + (-499 - -447)?
-65
Calculate -18 - ((-6 - 21) + 35) - 22.
-48
Calculate 6 - 1 - (3 + (-29 - (-4 + 3 + -14))).
16
What is (-16 + 13 - (-26 + 32)) + -5 + -69?
-83
Calculate -31 + -4 - 4 - (-130 - -114).
-23
Evaluate 11 + (-5 - -8) + (-20 - -11).
5
Evaluate (-2 - (-6 + 5) - 1 - -3) + 18 + -13.
6
-3 + (-9 - (-38 - -6) - 7)
13
What is 52 + (11 - (37 - -12 - 12)) + 3?
29
-89 - (-6 + -11 + 5) - ((8 - 19) + 13)
-79
Evaluate -12 - ((-8 - -1) + -30 + 52 + -1 + -20).
-6
What is 21 - 7 - (27 - (-25 - -16))?
-22
Calculate 32 - (-47 - (-9 - 67)).
3
What is the value of -16 + 141 + (203 - 248)?
80
What is 5 + 1 - (27 + 17) - (-200 + 181)?
-19
What is the value of -124 - -151 - (11 - 10)?
26
What is -505 - -558 - (58 + 1)?
-6
What is -6 + -1 - (-11 - (10 + -25) - -5) - -2?
-14
Calculate -12 - (63 - 1 - (164 - 167) - (-15 + 10)).
-82
Evaluate (-10 - -1) + 13 - (49 + -1 + -4).
-40
Calculate -1 + (-4 + 0 - -127) - (-88 - (-17 + -60)).
133
What is the value of -2 - 1 - ((492 - 408) + (-22 - (0 - 2)))?
-67
Calculate 34 - -11 - (-2 + (-12 - -21)).
38
What is (-5 - -1) + (17 - 0) - (-27 - -90)?
-50
What is (6 - ((6 - 10) + -1)) + -10 + 24?
25
Calculate (-3 - (-4 + -10)) + -22 + 37 + -31 - 73.
-78
What is the value of 1 + 25 + 57 + 12 + -68?
27
(-28 - -43) + (-3 - (-12 - 3))
27
Calculate 87 - (-3 + 30 + -70 + 64).
66
What is the value of 13 - 23 - (-5 - (-6 + 17))?
6
-5 + -1 + -3 + 4 - (174 + -179) - -4
4
Evaluate -112 - -127 - (42 - 0).
-27
What is (17 - -1) + -37 + 42 + 26 + -41 + -91?
-83
Evaluate -25 - (-13 + -21) - (6 + -8 + -8).
19
What is the value of (247 - 118 - 23) + (-38 - -1)?
69
Calculate (100 - (176 + -9)) + 176.
109
Calculate -28 + (1 - 10) + -1047 + 1021.
-63
What is the value of (-3 - -2 - -19) + (50 - 210) + 142?
0
1 + 39 - (-2316 - -2352)
4
Calculate 39 - 41 - (-15 - -1) - ((3 - 1) + 1).
9
What is the value of 7 - (22 + (-37 + 18 - -17))?
-13
Calculate (-198 - (26 + -128)) + (-1 - -29).
-68
What is the value of -1 + -16 - (-130 + 117) - -4?
0
What is the value of (119 - 1 - -6) + (-10 - -43) + -48?
109
Calculate 10 + (45 - -29) + -113.
-29
What is the value of 16 + (-102 - -49 - (2 - 11))?
-28
Calculate -1 + -15 - (1 + -6) - (32 + 33).
-76
What is -9 + -23 - (-16 + (23 - -4))?
-43
What is (22 + -2 - 0) + 36 + -12 + -50?
-6
What is 66 - (22 - (28 - 55))?
17
Evaluate 0 + -7 - (33 + 8 + (-29 - -30)).
-49
What is the value of -10 - (-10 + (18 + 0 - (580 - 549)))?
13
Calculate (191 - (239 - 106)) + (-2 - -6).
62
What is the value of -123 - ((66 - 71) + (-12 - 17))?
-89
Evaluate -119 + 51 + 8 + 29.
-31
What is the value of -76 - ((2 - 84) + 46)?
-40
Calculate 530 - 547 - (37 + (-3 - 0) + -1).
-50
Evaluate -26 + (9 - -49 - 62).
-30
What is the value of -7 - ((0 - -19) + (32 - 60)) - -25?
27
What is the value of 17 + -38 + 1 - -40 - -21?
41
Evaluate 13 - (49 - 34) - (43 + -1) - -22.
-22
What is 51 + 19 + (3 - (-2 - 3 - -14))?
64
-45 - (-2 + (-4 - 12 - 2) + 13)
-38
Calculate (36 - ((17 - (10 - 15)) + -5)) + 9 + 1.
29
Calculate -3 - 2 - ((-99 - -102) + 1 + 9 - -11).
-29
(8 - (-21 - (-25 + -13))) + -66 - (5 - 1)
-79
Evaluate -60 + (-19 + -27 - -45) - -20.
-41
Calculate -21 + (-2 - -6) - ((22 - 46) + 12).
-5
What is the value of -39 - -14 - (36 - (-7 - -114))?
46
What is the value of 1 + (60 - 34) + (2 - 14)?
15
What is the value of (-2 - (-61 + -3)) + 16 + (-3 - (1 - -23))?
51
Calculate 0 - 16 - ((53 - 23) + -32 + -67).
53
What is the value of 1 + 12 + 0 - (360 + -456 - (10 - 104))?
15
64 - (39 - -109 - 16)
-68
What is the value of (-54 + -173 - -259) + (1 - 169)?
-136
Calculate -27 - -14 - 51 - -59 - (0 + 1 - -106).
-112
What is the value of -22 + 17 + (5 